{"id":152,"date":"2019-10-23T08:44:40","date_gmt":"2019-10-23T05:44:40","guid":{"rendered":"https:\/\/igdirvinc.com.tr\/index.php\/about-us\/"},"modified":"2023-04-19T18:30:04","modified_gmt":"2023-04-19T15:30:04","slug":"hakkimizda","status":"publish","type":"page","link":"https:\/\/igdirvinc.com.tr\/index.php\/hakkimizda\/","title":{"rendered":"Hakk\u0131m\u0131zda"},"content":{"rendered":"\t\t<div data-elementor-type=\"wp-page\" data-elementor-id=\"152\" class=\"elementor elementor-152\">\n\t\t\t\t\t\t\t\t\t<section class=\"elementor-section elementor-top-section elementor-element elementor-element-2ad855c elementor-section-content-middle elementor-section-boxed elementor-section-height-default elementor-section-height-default\" data-id=\"2ad855c\" data-element_type=\"section\">\n\t\t\t\t\t\t<div class=\"elementor-container elementor-column-gap-no\">\n\t\t\t\t\t<div class=\"elementor-column elementor-col-100 elementor-top-column elementor-element elementor-element-868dd39\" data-id=\"868dd39\" data-element_type=\"column\">\n\t\t\t<div class=\"elementor-widget-wrap elementor-element-populated\">\n\t\t\t\t\t\t\t\t<div class=\"elementor-element elementor-element-0fe9301 elementor-widget elementor-widget-text-editor\" data-id=\"0fe9301\" data-element_type=\"widget\" data-widget_type=\"text-editor.default\">\n\t\t\t\t<div class=\"elementor-widget-container\">\n\t\t\t<style>\/*! elementor - v3.12.1 - 02-04-2023 *\/\n.elementor-widget-text-editor.elementor-drop-cap-view-stacked .elementor-drop-cap{background-color:#69727d;color:#fff}.elementor-widget-text-editor.elementor-drop-cap-view-framed .elementor-drop-cap{color:#69727d;border:3px solid;background-color:transparent}.elementor-widget-text-editor:not(.elementor-drop-cap-view-default) .elementor-drop-cap{margin-top:8px}.elementor-widget-text-editor:not(.elementor-drop-cap-view-default) .elementor-drop-cap-letter{width:1em;height:1em}.elementor-widget-text-editor .elementor-drop-cap{float:left;text-align:center;line-height:1;font-size:50px}.elementor-widget-text-editor .elementor-drop-cap-letter{display:inline-block}<\/style>\t\t\t\t<p>2000\u2019den bu yana 10 tondan 100 tona kadar ara\u00e7lar\u0131m\u0131z ile Firmam\u0131z I\u011fd\u0131r ve \u00e7evre il\u00e7elere hizmet vermektedir Deneyimli operat\u00f6rlerimiz \u201cG\u201d s\u0131n\u0131f\u0131 operat\u00f6r belgesine sahiptir. Park\u0131m\u0131zda bulunan makinalar\u0131m\u0131z standartlara uygunluklar\u0131yla birlikte periyodik muayenelidir. Profesyonel kadromuz ve son teknoloji ara\u00e7lar\u0131m\u0131zla projelerinizde size \u00e7\u00f6z\u00fcm orta\u011f\u0131 olmaktan onur duyar\u0131z.<\/p>\t\t\t\t\t\t<\/div>\n\t\t\t\t<\/div>\n\t\t\t\t\t<\/div>\n\t\t<\/div>\n\t\t\t\t\t\t\t<\/div>\n\t\t<\/section>\n\t\t\t\t<section class=\"elementor-section elementor-top-section elementor-element elementor-element-471a557 elementor-section-boxed elementor-section-height-default elementor-section-height-default\" data-id=\"471a557\" data-element_type=\"section\">\n\t\t\t\t\t\t<div class=\"elementor-container elementor-column-gap-default\">\n\t\t\t\t\t<div class=\"elementor-column elementor-col-100 elementor-top-column elementor-element elementor-element-df18c72\" data-id=\"df18c72\" data-element_type=\"column\">\n\t\t\t<div class=\"elementor-widget-wrap elementor-element-populated\">\n\t\t\t\t\t\t\t\t<div class=\"elementor-element elementor-element-5398e7f elementor-widget elementor-widget-image\" data-id=\"5398e7f\" data-element_type=\"widget\" data-widget_type=\"image.default\">\n\t\t\t\t<div class=\"elementor-widget-container\">\n\t\t\t<style>\/*! elementor - v3.12.1 - 02-04-2023 *\/\n.elementor-widget-image{text-align:center}.elementor-widget-image a{display:inline-block}.elementor-widget-image a img[src$=\".svg\"]{width:48px}.elementor-widget-image img{vertical-align:middle;display:inline-block}<\/style>\t\t\t\t\t\t\t\t\t\t\t\t<img decoding=\"async\" width=\"640\" height=\"480\" src=\"https:\/\/igdirvinc.com.tr\/wp-content\/uploads\/2023\/04\/g10-1024x768.jpg\" class=\"attachment-large size-large wp-image-375\" alt=\"\" loading=\"lazy\" srcset=\"https:\/\/igdirvinc.com.tr\/wp-content\/uploads\/2023\/04\/g10-1024x768.jpg 1024w, https:\/\/igdirvinc.com.tr\/wp-content\/uploads\/2023\/04\/g10-300x225.jpg 300w, https:\/\/igdirvinc.com.tr\/wp-content\/uploads\/2023\/04\/g10-768x576.jpg 768w, https:\/\/igdirvinc.com.tr\/wp-content\/uploads\/2023\/04\/g10-1536x1152.jpg 1536w, https:\/\/igdirvinc.com.tr\/wp-content\/uploads\/2023\/04\/g10.jpg 1600w\" sizes=\"(max-width: 640px) 100vw, 640px\" \/>\t\t\t\t\t\t\t\t\t\t\t\t\t\t\t<\/div>\n\t\t\t\t<\/div>\n\t\t\t\t\t<\/div>\n\t\t<\/div>\n\t\t\t\t\t\t\t<\/div>\n\t\t<\/section>\n\t\t\t\t\t\t\t<\/div>\n\t\t","protected":false},"excerpt":{"rendered":"<p>2000\u2019den bu yana 10 tondan 100 tona kadar ara\u00e7lar\u0131m\u0131z ile Firmam\u0131z I\u011fd\u0131r ve \u00e7evre il\u00e7elere hizmet vermektedir Deneyimli operat\u00f6rlerimiz \u201cG\u201d s\u0131n\u0131f\u0131 operat\u00f6r belgesine sahiptir. Park\u0131m\u0131zda bulunan makinalar\u0131m\u0131z standartlara uygunluklar\u0131yla birlikte periyodik muayenelidir. Profesyonel kadromuz ve son teknoloji ara\u00e7lar\u0131m\u0131zla projelerinizde size \u00e7\u00f6z\u00fcm orta\u011f\u0131 olmaktan onur duyar\u0131z.<\/p>\n<div class=\"carutos-read-more-link\"><a class=\"more-link button-link\" href=\"https:\/\/igdirvinc.com.tr\/index.php\/hakkimizda\/\">Read More  &nbsp; <i class=\"fa fa-long-arrow-right\" aria-hidden=\"true\"><\/i><\/a><\/div>\n","protected":false},"author":1,"featured_media":0,"parent":0,"menu_order":0,"comment_status":"closed","ping_status":"closed","template":"page-templates\/page-elementor.php","meta":{"_joinchat":[]},"aioseo_notices":[],"_links":{"self":[{"href":"https:\/\/igdirvinc.com.tr\/index.php\/wp-json\/wp\/v2\/pages\/152"}],"collection":[{"href":"https:\/\/igdirvinc.com.tr\/index.php\/wp-json\/wp\/v2\/pages"}],"about":[{"href":"https:\/\/igdirvinc.com.tr\/index.php\/wp-json\/wp\/v2\/types\/page"}],"author":[{"embeddable":true,"href":"https:\/\/igdirvinc.com.tr\/index.php\/wp-json\/wp\/v2\/users\/1"}],"replies":[{"embeddable":true,"href":"https:\/\/igdirvinc.com.tr\/index.php\/wp-json\/wp\/v2\/comments?post=152"}],"version-history":[{"count":4,"href":"https:\/\/igdirvinc.com.tr\/index.php\/wp-json\/wp\/v2\/pages\/152\/revisions"}],"predecessor-version":[{"id":402,"href":"https:\/\/igdirvinc.com.tr\/index.php\/wp-json\/wp\/v2\/pages\/152\/revisions\/402"}],"wp:attachment":[{"href":"https:\/\/igdirvinc.com.tr\/index.php\/wp-json\/wp\/v2\/media?parent=152"}],"curies":[{"name":"wp","href":"https:\/\/api.w.org\/{rel}","templated":true}]}}